5 + (-8 - -29) + -8.
19
What is the value of 57 + -77 + (101 - (12 - (4 - -2)))?
75
What is -26 + 17 - (-10 - -5) - (1 - 61)?
56
What is -1 - -5 - (-36 + 29) - (0 + 1 - 8)?
18
Evaluate (48 - (-11 + 8)) + -9 + (10 - -4) + 0.
56
What is the value of 52 + -1 + 2980 + -2996?
35
-521 - -621 - (1 - -63)
36
What is -3 - (1 + (-7 - (0 + 1))) - (3364 + -3387)?
27
Evaluate -85 - (25 - (-11 + 47 + -13 + 10)).
-77
What is the value of -19 + (-136 - (-29 - 236))?
110
-51 - (-68 - -14 - -57)
-54
-211 + 249 + -57 + (0 + 0 - 17)
-36
What is the value of 56 - (-29 + 41 + 37)?
7
Evaluate 1 + 2 + (22 - 12) + (-1 - -32) + 5.
49
Evaluate -18 + (-4 - -27) + (-89 - -42).
-42
What is -63 - (-62 + (-39 - -36))?
2
What is 242 + (0 - (-131 - -246))?
127
Evaluate -85 - -3 - (-96 + -73 + 200).
-113
-22 - (-72 - -71) - (-5 - 2)
-14
What is the value of -2 - -2 - -2 - (-7 + 13 - -2)?
-6
Evaluate -11 + 2 - ((11 - (9 + 40)) + 40).
-11
What is the value of -165 - -139 - ((-6 - -17) + -39)?
2
What is (-38 - (-13 + -7 + 11 - -7)) + -5?
-41
What is (15 + -12 + 12 - 5 - 21) + -24?
-35
Calculate 4 + -101 + (24 - (27 + -18)) + -24.
-106
-8 + 20 - 0 - (17 - (4 - -11))
10
Evaluate (-17 - (-7 + 16)) + (16 - 4).
-14
Evaluate -26 + 8 - 37 - -41.
-14
What is -8 + -11 + -17 + 24 + 5 + -58?
-65
What is (-18 - 4 - (-48 - -54)) + -1?
-29
79 + -32 + -25 - 34
-12
Evaluate 46 - -3 - (-11 - (5 + -4) - 8 - -20).
49
Evaluate 9 + -51 + -33 + (-1 - -17) + (1 - 3).
-61
Evaluate 12 - 19 - (28 + -26 + -30).
21
Evaluate -63 - (14 + (23 - 51)).
-49
-30 + 13 + 121 + -61
43
What is the value of -415 + 480 - ((2 - -16) + -4) - -17?
68
Calculate 24 + 0 - (2624 + -2605).
5
What is the value of 1 + (-13 - -10) + (0 - 2) - 3?
-7
What is (-3 - (98 + -8 + -3)) + 10 + -15 + 4?
-91
What is 19 + -93 + 48 + -15?
-41
What is (3 - 2) + (-23 - 74 - -50) + 139?
93
What is the value of (64 - 153) + 25 - -57?
-7
What is the value of -76 + (-15 + 34 - -2 - 4) - -7?
-52
26 - (-5 + (57 - 19 - 38))
31
(-195 - -66) + 96 - 30
-63
(14 - -1) + -1 - (-12779 + 12807)
-14
What is 12 + -4 - (0 + -24 - 4 - (-69 - -72))?
39
Evaluate (-618 - -819) + 6 + -110.
97
Evaluate (12 - (1 - 2)) + (214 - (440 + -206)).
-7
Calculate -207 + 205 + 0 + 43.
41
What is 60 - 147 - -94 - (-12 + -42)?
61
-28 + 17 + (-41 - -32)
-20
Calculate 587 + -557 - (-29 - (-7 + 5)).
57
30 - (1766 + -1731 - (42 - 2))
35
-13 + (30 + -78 - (-2 - (-7 - -14)))
-52
Evaluate (-3 - (277 + -148)) + 49.
-83
28 - (2 + 12) - (-15 + 16 + 18)
-5
Evaluate (-315 - -305) + 27 + -1 + -11.
5
Evaluate -185 - -192 - (0 + -26 - (-11 - -16)).
38
What is the value of (37 - (1 + -2)) + (126 - (-234 - -350))?
48
What is the value of -8 + ((4 - 4) + 5 - (44 - 19))?
-28
What is the value of (45 + (6 - 2) - (66 + -57)) + -2?
38
What is the value of 77 + -93 - -2 - (-2 + -4 + -30)?
22
Evaluate -10 - (8 + -42 + 23 + 8 - (55 + 1)).
49
Evaluate 30 + (-25 - 14) - (-8 + -4 + 5).
-2
What is 3 + 2 + -2 - (41 + -132 + 57)?
37
Evaluate (18 - 15) + 21 + (-16 - 8).
0
What is (4 - -27 - -30) + -15?
46
What is the value of -63 + 54 + 71 + -1 + -30?
31
What is -89 + 213 + -2 - 45?
77
Calculate 4 + (-6 - (69 + -9)) - (-24 - -14 - 1).
-51
Evaluate 26 + -18 + 19 + -30 + 21 + -57.
-39
24 + 1 + (-1978 - -1917)
-36
Evaluate 86 + -107 + -81 - -78.
-24
Calculate 30 + (-26 + 23 - (-19 + (5 - 1))).
42
Calculate (22 - -6 - 20) + (12 + -16 - 4).
0
What is (-81 - -34) + (21 + -2 - 6)?
-34
Evaluate -23 - 0 - (-327 + 321) - -63.
46
What is the value of -9 - 61 - (128 + -179)?
-19
What is 2 - 1 - 45 - 2 - (-256 + 122 - -134)?
-46
Evaluate 12 - -14 - -19 - (-18 + 11).
52
Calculate (15 + (-3 - 2) + -6 - -19) + 8.
31
Evaluate -60 + (57 - (52 + -33)).
-22
What is the value of -3 - -120 - (-26 - ((19 - 22) + -13 + -1))?
126
What is the value of -12 + 2 + (-118 - (-169 - -64))?
-23
Evaluate 4 + (-11 - 11) - (2 + 9 + -12).
-17
What is the value of (6 - 35 - -34) + 17 + -65?
-43
Calculate 85 + (41 - -17) + -253.
-110
What is -19 - (-20 + 24 - 6 - (2 - -14))?
-1
Evaluate -2 + -1 + -1 - (-2 + 24 - (59 - 104)).
-71
Evaluate (-1 - (-20 - (10 + -15))) + -49.
-35
Evaluate (24 - 26) + -10 + (5 - -5) + 6 + 0.
4
Evaluate 10 + (7 + 2 - (6 + 4)) + -58.
-49
Calculate -213 - 41 - (-119 + -12).
-123
Calculate -2 - (0 + (-13 - -1)) - (-1461 - -1463) - -30.
38
Evaluate 54 + (1 - 0) + -1 + -1 + 1351 + -1360.
44
Calculate 18 + -10 - (-42 + 18 - 4).
36
Calculate (-6 - (-18 - (-1 - 2)) - -6) + 54.
69
Calculate 157 + -103 + -42 + (-1 - 15).
-4
-9 + (8 - -30 - 62) + 2 + -1
-32
What is 1 + -68 - ((44 - 61) + 18)?
-68
11 + (-3 - 4 - -11 - -5 - (-43 + 42))
21
What is the value of (-6 + -9 + 6 - -16) + -9 + 0 + -91?
-93
Evaluate -7 + 13 + -8 + (-42 - 0 - (-321 + 320)).
-43
What is (-4646 - -4620) + -1 + 49?
22
Calculate 55 + -89 + 13 + -5.
-26
What is (2 - -2 - -3) + 18 + -25 + 31?
31
What is the value of (-62 - (-28 - ((9 - 0) + -28))) + -12?
-65
What is 16 - ((-2 - -16 - 3) + (-348 - -412))?
-59
Calculate 570 - 425 - (-1 - (-19 - 9)).
118
Evaluate 66 - (-10 + 15 + 18).
43
What is the value of 7 - 8 - ((3 - (6 - 69)) + 2 + 5)?
-74
(-26 - 3 - (20 + -67)) + 21
39
46 - (6 + (-52 - -69))
23
-78 + -45 + 44 - (2 + -3 + 0 - -5)
-83
Evaluate (8 - -2) + 26 - (16 - (36 + -28)).
28
What is the value of -11 - ((1 - (-8 + -1 + 11) - -9) + -10)?
-9
Evaluate -46 + -5 + 4 - (-24 + -8 - -18).
-33
(19 + -4 + -3 - 4) + -12 + (59 - 13)
42
What is the value of 14 - (-96 - -79) - (-11 - 1) - -7?
50
(-17 - -1) + (1048 - 1194) + 11 + (0 - -3)
-148
Evaluate 0 + (34 + -40 + (2 - -10) - 5) - 9.
-8
What is the value of 31 - (9 - -21) - (-1 - -47) - -13?
-32
What is (-9 - 3) + (-13 - -14) + -25?
-36
What is 12 - (-6 - -7) - (40 + -62 + -26)?
59
Calculate -66 - (-75 - -42 - 49).
16
Calculate -7 + 12 + 14 + -21 + -22.
-24
(3 - ((-80 - 2) + -105 + 121)) + 6
75
What is -50 + (8 - (-42 + 42))?
-42
What is the value of (-4 + 0 + 23 - 2) + (-30 + 42 - 8)?
21
What is 27 - (-34 - -25 - (15 - 29))?
22
0 - ((-5 - -15) + 102) - (22 - 33)
-101
Evaluate -2 + 0 - -6 - (50 - (153 + -73)).
34
Calculate -3 - (4 - 3 - 0) - (8 - 21) - 10.
-1
What is the value of (-166 - 5) + -129 + 230?
-70
What is the value of (49 - (47 + 3)) + (32 - 6)?
25
Evaluate 27 - (-8 - -76) - 70.
-111
What is -5 + 9 - 9 - -28 - (4 + 7)?
12
Calculate 1 + -41 + (78 - (-109 + 203)).
-56
Calculate -62 + (26 - (31 - (3 - -1))).
-63
What is the value of -9 - -4 - (-4 - -1 - (-22 + 17) - 27)?
20
(-1 - 19) + -43 - -50
-13
What is the value of -99 + (-25 + 40 - (9 + -4)) - -8 - -8?
-73
137 + -350 + 104 - -91
-18
What is the value of (2 - -11) + 3 + 25 + 3?
44
(26 - (13 - -4)) + 5 - 22
-8
What is -3 + 6 + 27 - (55 - (33 - -14))?
22
Calculate (-8 - -2 - -37) + -803 + 767.
-5
Calculate -31 - (90 - 0 - 30) - -1.
-90
What is -61 + 36 + (11 - 25) + -6?
-45
What is the value of 2966 - 2947 - (15 + 1)?
3
Evaluate -63 + (1 - -62) + -14.
-14
What is the value of 4 - 22 - (77 + (-6 - -4) + -7)?
-86
What is the value of -10 + 11 + 2 + 7 - 59 - -12?
-37
Calculate (0 - (-16 + 1)) + 68 + -25.
58
What is (-2811 - -2817) + 15 + -1 + 2?
22
What is the value of 41 - (8 - (70 - 30) - -81)?
-8
(-5 - (-4 - -10)) + 42 + -39 - 7
-15
What is the value of -23 - 46 - -22 - (-1 + (-9 - 3))?
-34
What is the value of -18 - 1 - (13 + 50 + -163)?
81
What is the value of -12 + 22 + -2 + -14 + 15?
9
(4 + -5 + -3 - -18) + -28
-14
What is (52 - 51) + (-1 - (0 - -5)) + -1?
-6
Evaluate 484 + -444 - (-1 - (14 + -5)).
50
(1 - 36) + 11 + -11 + 15 + 28
8
What is the value of 88 + -61 + 9 - 11?
25
What is the value of 29 + (47 - 43) - -17?
50
Calculate -14 - (30 + 13 + 8).
-65
-59 + 102 - (-17 + -2 + -1)
63
Evaluate -102 - ((-56 - 59) + 6).
7
What is -1 - 8 - (27 + -1)?
-35
What is (-1 - -2) + (310 + -313 - -25)?
23
What is the value of 68 - (40 - -17) - (-1 + 20)?
-8
Evaluate (10 - (24 + (0 - 15 - 0))) + (9 - 0).
10
What is the value of 2 + -22 + -3 - (256 + -270)?
-9
Evaluate (6 - 2) + -4 - (13 - (118 - (-4 - -18))).
91
Evaluate ((0 - -2) + 51 - 1) + (-417 - -414) + -12.
37
Calculate (83 + (-27 - -14) - -4) + 5.
79
3 - (84 + (-79 + 90 - (29 - 1)))
-64
Calculate 12 - (-41 + (5 - -52)).
-4
What is the value of (119 - 116) + (8 + (3 - 8) - (-1 + -37))?
44
What is the value of 11286 + -11432 + (-1 - -56)?
-91
6 - -1 - (-10 - (-23 + 3) - (-9 + -2))
-14
(22 - 38 - 21) + 11
-26
(23 -